{"id":11217,"date":"2021-08-06T15:00:38","date_gmt":"2021-08-06T20:00:38","guid":{"rendered":"https:\/\/todoenseguridad.com\/site\/?post_type=product&#038;p=11217"},"modified":"2026-03-24T15:33:55","modified_gmt":"2026-03-24T20:33:55","slug":"wgsw-20160hp-planet-switch-administrable-16-puertos-10-100-1000mbps-802-3at-poe","status":"publish","type":"product","link":"https:\/\/todoenseguridad.com\/site\/producto\/wgsw-20160hp-planet-switch-administrable-16-puertos-10-100-1000mbps-802-3at-poe\/","title":{"rendered":"WGSW-20160HP PLANET Switch Administrable 16 puertos 10\/100\/1000Mbps 802.3at PoE"},"content":{"rendered":"<h2 id=\\\"product_title_80476\\\" class=\\\"no_margin_top titulo_vista_producto\\\"><span style=\\\"color: #0000ff\\\"><span class=\\\"modelo-marca\\\">WGSW-20160HP<\/span> <span class=\\\"modelo-marca\\\">PLANET<\/span> Switch Administrable 16 puertos 10\/100\/1000Mbps 802.3at PoE + 4 puertos GigabitTP\/SFP Combo<\/span><\/h2>\n<p>&nbsp;<\/p>\n<h4><span style=\\\"color: #000000\\\"><strong>Puertos:<\/strong><\/span><\/h4>\n<p><span style=\\\"color: #000000\\\">&#8211; 16 Puertos 10\/100\/1000BASE-T RJ45.<\/span><br \/>\n<span style=\\\"color: #000000\\\">&#8211; 4 Interfaces 1000BASE-X SFP, compartidas con puertos 17 al 20.<\/span><\/p>\n<h4><span style=\\\"color: #000000\\\"><strong>PoE:<\/strong><\/span><\/h4>\n<p><span style=\\\"color: #000000\\\">&#8211; Alimenta dispositivos PoE 802.3af y PoE+ 802.3at. Maximo 30.8 Watts<\/span><br \/>\n<span style=\\\"color: #000000\\\">&#8211; Potencia total: 230W.<\/span><\/p>\n<h4><span style=\\\"color: #000000\\\"><strong>Funciones Capa 2:<\/strong><\/span><\/h4>\n<p><span style=\\\"color: #000000\\\">&#8211; Port Configuration, Port Status, Port Mirroring, VLAN, Link Aggregation, QoS, IGMP Snooping, Access Control, Bandwidth Control, SNMP MIBs, SSH, SSL.<\/span><\/p>\n<h4><span style=\\\"color: #000000\\\"><strong>Rendimiento:<\/strong><\/span><\/h4>\n<p><span style=\\\"color: #000000\\\">&#8211; 29.7 Mpps.<\/span><\/p>\n<h4><span style=\\\"color: #000000\\\"><strong>Administraci\u00f3n:<\/strong><\/span><\/h4>\n<p><span style=\\\"color: #000000\\\">&#8211; Consola, Telnet, Interfaz web. SNMP v1, v2c, v3.<\/span><\/p>\n<h4><span style=\\\"color: #000000\\\"><strong>Caracter\u00edsticas f\u00edsicas y el\u00e9ctricas:<\/strong><\/span><\/h4>\n<p><span style=\\\"color: #000000\\\">&#8211; Alimentaci\u00f3n: 100~240 VCA, 22W.<\/span><br \/>\n<span style=\\\"color: #000000\\\">&#8211; Temperatura de operaci\u00f3n: -0 ~ 50\u00baC<\/span><br \/>\n<span style=\\\"color: #000000\\\">&#8211; Dimensiones: 440 x 300 x 44.5 mm\u00a01U (Unidad de rack).<\/span><\/p>\n<p><span style=\\\"color: #000000\\\"><strong>*1 a\u00f1o de garant\u00eda.<\/strong><\/span><\/p>\n<p>&nbsp;<\/p>\n<h4><span style=\\\"color: #000000\\\"><strong>Ideal Solution for Secure IP Surveillance Infrastructure<\/strong><\/span><\/h4>\n<p><span style=\\\"color: #000000\\\">Particularly designed for the growing popular IP Surveillance applications, PLANET Gigabit 802.3at PoE Managed Switch WGSW-20160HP is positioned as a Surveillance Switch with central management of remote power control and IP camera monitoring. The WGSW-20160HP provides built-in L2\/L4 switching engine and intelligent PoE functions along with 16\u00a0<strong>10\/100\/1000Base-T<\/strong>\u00a0ports featuring\u00a0<strong>30-watts 802.3at PoE<\/strong>\u00a0in RJ-45 copper interfaces and\u00a0<strong>4 extra Gigabit TP\/SFP combo<\/strong> interfaces supporting high speed transmission of surveillance images and videos.<\/span><\/p>\n<h4><span style=\\\"color: #000000\\\"><strong>Perfect Integration Solution for IP PoE Camera and NVR System<\/strong><\/span><\/h4>\n<p><span style=\\\"color: #000000\\\">Differentiated from general IT industrial PoE Switch which usually contains 12 or 24 PoE ports, the WGSW-20160HP provides 16 802.3at PoE+ ports for catering to medium to large scale of IP Surveillance networks at a lower total cost. With 40Gbps high performance switch architecture and 230-watts PoE power budget by the WGSW-20160HP, the recorded video files from 16 PoE IP Cameras can be powered by the WGSW-20160HP and saved in the 8 \/ 16 \/ 32-channel NVR systems or surveillance software to perform comprehensive security monitoring. For instance, one WGSW-20160HP can combine with one 16-Channel NVR and 16 PoE IP cameras as a kit for the administrators to centrally and efficiently manage the surveillance system in the local LAN and the remote site via Internet.<\/span><\/p>\n<h4><span style=\\\"color: #000000\\\"><strong>Flexible and Extendable Uplink Solution<\/strong><\/span><\/h4>\n<p><span style=\\\"color: #000000\\\">The WGSW-20160HP provides\u00a0<strong>4 extra Gigabit TP\/SFP combo<\/strong>\u00a0interfaces supporting\u00a0<strong>10\/100\/1000Base-T<\/strong>\u00a0RJ-45 copper to connect with surveillance network devices such as\u00a0<strong>NVR, Video Streaming Server<\/strong>\u00a0or\u00a0<strong>NAS<\/strong>\u00a0to facilitate surveillance management. Or through these dual-speed fiber SFP slots, it can also connect with the\u00a0<strong>100Base-FX \/ 1000Base-SX\/LX<\/strong>\u00a0SFP (Small Form-factor Pluggable) fiber transceiver to uplink to backbone switch and monitor center in long distance. The distance can be extended from 550 meters to 2km (multi-mode fiber) up to above 10\/20\/30\/40\/50\/70\/120 kilometers (single-mode fiber or WDM fiber). They are well suited for applications within the enterprise data centers and distributions.<\/span><\/p>\n<p><span style=\\\"color: #000000\\\"><strong>Centralized Power Management for Gigabit Ethernet PoE Networking<\/strong><\/span><\/p>\n<p><span style=\\\"color: #000000\\\">To fulfill the needs of higher power required PoE network applications with Gigabit speed transmission, the WGSW-20160HP features high performance Gigabit\u00a0<strong>IEEE 802.3af PoE<\/strong>\u00a0(Up to\u00a0<strong>15.4 watts<\/strong>) and\u00a0<strong>IEEE 802.3at PoE+<\/strong>\u00a0(Up to<strong>30 watts<\/strong>) on all ports. It perfectly satisfies the PoE IP camera which needs high power consumption such as IR, PTZ, speed dome cameras or even box type IP cameras with built-in fan and heater.<\/span><\/p>\n<p><span style=\\\"color: #000000\\\">The PoE capabilities provided also help to reduce deployment costs for network devices as a result of freeing from restrictions of power outlet locations. Power and data switching are integrated into one unit, delivered over a single cable and managed centrally. It thus eliminates cost for additional AC wiring and reduces installation time.<\/span><\/p>\n<p><span style=\\\"color: #000000\\\"><strong>Built-in Unique PoE Functions for Surveillance Management<\/strong><\/span><\/p>\n<p><span style=\\\"color: #000000\\\">As a managed PoE Switch for surveillance network, the WGSW-20160HP features four special PoE Management functions:<\/span><br \/>\n<span style=\\\"color: #000000\\\">\u3000\u25a0\u3000PD ALIVE Check<\/span><br \/>\n<span style=\\\"color: #000000\\\">\u3000\u25a0\u3000Scheduled Power Recycling<\/span><br \/>\n<span style=\\\"color: #000000\\\">\u3000\u25a0\u3000SMTP\/SNMP Trap Event Alert<\/span><br \/>\n<span style=\\\"color: #000000\\\">\u3000\u25a0\u3000PoE Schedule<\/span><\/p>\n<h4><span style=\\\"color: #000000\\\"><strong>Intelligent Powered Device Alive Check<\/strong><\/span><\/h4>\n<p><span style=\\\"color: #000000\\\">The WGSW-20160HP can be configured to monitor connected PD (Powered Device) status in real-time via ping action. Once the PD stops working and is without response, the WGSW-20160HP will resume the PoE port power and bring the PD back to work. It will greatly enhance the network reliability through the PoE port resetting the PD\u2019s power source and reduce administrator management burden<\/span><\/p>\n<h4><span style=\\\"color: #000000\\\"><strong>Scheduled Power Recycling<\/strong><\/span><\/h4>\n<p><span style=\\\"color: #000000\\\">The WGSW-20160HP allows each of the connected PoE IP cameras to reboot in a specific time each week. Therefore, it will reduce the chance of IP camera crash resulting from buffer overflow.<\/span><\/p>\n<h4><span style=\\\"color: #000000\\\"><strong>SMTP\/SNMP Trap Event Alert<\/strong><\/span><\/h4>\n<p><span style=\\\"color: #000000\\\">Though most NVR or camera management software offers SMTP email alert function, the WGSW-20160HP further provides event alert function to help to diagnose the abnormal device owing to whether or not there is a break of the network connection, loss of PoE power or the rebooting response by PD Alice Check process.<\/span><\/p>\n<h4><span style=\\\"color: #000000\\\"><strong>PoE Schedule for Energy Saving<\/strong><\/span><\/h4>\n<p><span style=\\\"color: #000000\\\">Besides being used as an IP Surveillance, the WGSW-20160HP is certainly applicable to construct any PoE network including VoIP and Wireless LAN. Under the trend of energy saving worldwide and contributing to the environmental protection on the earth, the WGSW-20160HP can effectively control the power supply besides its capability of giving high watts power. The \u201c<strong>PoE schedule<\/strong>\u201d function helps you to enable or disable PoE power feeding for each PoE port during specified time intervals and it is a powerful function to help SMB or Enterprise save power and money<\/span><\/p>\n<p>&nbsp;<\/p>\n<h4><span style=\\\"color: #000000\\\"><strong>Cost-Effective PoE Switch Solution for IPv6 Networking<\/strong><\/span><\/h4>\n<p><span style=\\\"color: #000000\\\">Faced with the increasingly large number of IP cameras and Wireless APs being installed and deployed in all kinds of applications, more and more network equipment starts to support IPv6 protocol for next generation networking. To fulfill the demand of IPv6, the WGSW-20160HP supports both IPv4 and IPv6 management functions. It can work with original IPv4 network structure and also support the new IPv6 network structure. With easy and friendly management interfaces and plenty of management functions included, the WGSW-20160HP is the best choice for IP Surveillance and Wireless service providers to connect with IPv6 network.<\/span><\/p>\n<p><span style=\\\"color: #000000\\\"><strong>Efficient Management<\/strong><\/span><br \/>\n<span style=\\\"color: #000000\\\">For efficient management, the WGSW-20160HP Managed Switch is equipped with console, WEB and SNMP management interfaces. With the built-in Web-based management interface, the WGSW-20160HP offers an easy-to-use, platform-independent management and configuration facility. The WGSW-20160HP supports standard Simple Network Management Protocol (SNMP) and can be managed via any standard-based management software. For text-based management, the WGSW-20160HP can be accessed via Telnet and the console port. Moreover, the WGSW-20160HP offers secure remote management by supporting SSH, SSL and SNMPv3 connection which encrypt the packet content at each session.<\/span><\/p>\n<p><span style=\\\"color: #000000\\\"><strong>Robust Layer 2 Features<\/strong><\/span><br \/>\n<span style=\\\"color: #000000\\\">The WGSW-20160HP can be programmed for advanced switch management functions such as dynamic Port link aggregation, Q-in-Q VLAN, private VLAN, Multiple Spanning Tree protocol(MSTP), Layer 2 to Layer 4 QoS, bandwidth control and IGMP \/ MLD Snooping. The WGSW-20160HP provides 802.1Q Tagged VLAN, and the VLAN groups allowed will be maximally up to 255. Via aggregation of supporting ports, the WGSW-20160HP allows the operation of a high-speed trunk combining multiple ports and supports fail-over as well.<\/span><\/p>\n<p><span style=\\\"color: #000000\\\"><strong>Powerful Security<\/strong><\/span><br \/>\n<span style=\\\"color: #000000\\\">The WGSW-20160HP offers comprehensive Layer 2 to Layer 4 Access Control List (ACL) for enforcing security to the edge. It can be used to restrict network access by denying packets based on source and destination IP address, TCP\/UDP ports or defined typical network applications. Its protection mechanism also comprises 802.1x Port-based and MAC-based user and device authentication. With the private VLAN function, communication between edge ports can be prevented to ensure user privacy. The WGSW-20160HP also provides DHCP Snooping, IP Source Guard and Dynamic ARP Inspection functions to prevent IP snooping from attack and discarding ARP packets with invalid MAC address. The network administrators can now construct highly secured corporate networks with considerably less time and effort than before.<\/span><\/p>\n","protected":false},"excerpt":{"rendered":"<p>WGSW-20160HP PLANET Switch Administrable 16 puertos 10\/100\/1000Mbps 802.3at PoE + 4 puertos GigabitTP\/SFP Combo &nbsp; Puertos: &#8211; 16 Puertos 10\/100\/1000BASE-T RJ45. &#8211; 4 Interfaces 1000BASE-X SFP, compartidas con puertos 17 al 20. PoE: &#8211; Alimenta dispositivos PoE 802.3af y PoE+ 802.3at. Maximo 30.8 Watts &#8211; Potencia total: 230W. Funciones Capa 2: &#8211; Port Configuration, Port [&hellip;]<\/p>\n","protected":false},"featured_media":11218,"template":"","meta":{"_acf_changed":false},"product_brand":[],"product_cat":[220,70],"product_tag":[],"berocket_brand":[],"class_list":{"0":"post-11217","1":"product","2":"type-product","3":"status-publish","4":"has-post-thumbnail","6":"product_cat-redes-de-datos","7":"product_cat-switch","9":"first","10":"instock","11":"taxable","12":"shipping-taxable","13":"purchasable","14":"product-type-simple","15":"berocket_lgv_grid","16":"berocket_lgv_list_grid"},"acf":[],"aioseo_notices":[],"_links":{"self":[{"href":"https:\/\/todoenseguridad.com\/site\/wp-json\/wp\/v2\/product\/11217","targetHints":{"allow":["GET"]}}],"collection":[{"href":"https:\/\/todoenseguridad.com\/site\/wp-json\/wp\/v2\/product"}],"about":[{"href":"https:\/\/todoenseguridad.com\/site\/wp-json\/wp\/v2\/types\/product"}],"wp:featuredmedia":[{"embeddable":true,"href":"https:\/\/todoenseguridad.com\/site\/wp-json\/wp\/v2\/media\/11218"}],"wp:attachment":[{"href":"https:\/\/todoenseguridad.com\/site\/wp-json\/wp\/v2\/media?parent=11217"}],"wp:term":[{"taxonomy":"product_brand","embeddable":true,"href":"https:\/\/todoenseguridad.com\/site\/wp-json\/wp\/v2\/product_brand?post=11217"},{"taxonomy":"product_cat","embeddable":true,"href":"https:\/\/todoenseguridad.com\/site\/wp-json\/wp\/v2\/product_cat?post=11217"},{"taxonomy":"product_tag","embeddable":true,"href":"https:\/\/todoenseguridad.com\/site\/wp-json\/wp\/v2\/product_tag?post=11217"},{"taxonomy":"berocket_brand","embeddable":true,"href":"https:\/\/todoenseguridad.com\/site\/wp-json\/wp\/v2\/berocket_brand?post=11217"}],"curies":[{"name":"wp","href":"https:\/\/api.w.org\/{rel}","templated":true}]}}