{"id":11211,"date":"2021-08-06T14:30:45","date_gmt":"2021-08-06T19:30:45","guid":{"rendered":"https:\/\/todoenseguridad.com\/site\/?post_type=product&#038;p=11211"},"modified":"2026-03-24T15:34:48","modified_gmt":"2026-03-24T20:34:48","slug":"fgsd-1022vhp-planet-switch-poe-distancia-250-metros-8-puertos-2-combo-tp-sfp-gigabit","status":"publish","type":"product","link":"https:\/\/todoenseguridad.com\/site\/producto\/fgsd-1022vhp-planet-switch-poe-distancia-250-metros-8-puertos-2-combo-tp-sfp-gigabit\/","title":{"rendered":"FGSD-1022VHP PLANET Switch PoE+ \/ distancia 250 metros \/ 8 puertos + 2 combo TP\/SFP gigabit"},"content":{"rendered":"<h3 id=\\\"product_title_85877\\\" class=\\\"no_margin_top titulo_vista_producto\\\"><span style=\\\"color: #0000ff\\\"><span class=\\\"modelo-marca\\\">FGSD-1022VHP<\/span> <span class=\\\"modelo-marca\\\">PLANET<\/span> Switch PoE+ \/ distancia 250 metros \/ 8 puertos + 2 combo TP\/SFP gigabit y pantalla LCD para monitoreo<\/span><\/h3>\n<p>&nbsp;<\/p>\n<p><span style=\\\"color: #000000\\\"><strong>Puertos:<\/strong><\/span><br \/>\n<span style=\\\"color: #000000\\\">8 Puertos 10\/100BASE-TX RJ45.<\/span><br \/>\n<span style=\\\"color: #000000\\\">2 Puertos 10\/100\/1000BASE-T RJ45.<\/span><br \/>\n<span style=\\\"color: #000000\\\">2 Interfaces 1000BASE-X SFP, compartidas con puertos 9 y 10.<\/span><\/p>\n<p><span style=\\\"color: #000000\\\"><strong>PoE:<\/strong><\/span><br \/>\n<span style=\\\"color: #000000\\\">Alimenta dispositivos PoE 802.3af y PoE+ 802.3at hasta 250 m en modo Extend.<\/span><br \/>\n<span style=\\\"color: #000000\\\">\u00a0\u00a0<u><em>**En Modo Extend el switch negocia a 10Mbps en los puertos PoE.<\/em><\/u><\/span><br \/>\n<span style=\\\"color: #000000\\\">Potencia total: 120W.<\/span><\/p>\n<p><span style=\\\"color: #000000\\\"><strong>Funciones Pantalla LCD y Modo Extend:<\/strong><\/span><br \/>\n<span style=\\\"color: #000000\\\">&#8211; Muestra la Potencia Total disponible y usada.<\/span><br \/>\n<span style=\\\"color: #000000\\\">&#8211; Muestra y protege contra sobrecarga, bajo voltaje, alto voltaje y alta temperatura.<\/span><br \/>\n<span style=\\\"color: #000000\\\">&#8211; Switch para activar Modo Extend que permite alimentar dispositivos PoE hasta 250 m Datos +\u00a0<\/span><\/p>\n<p><span style=\\\"color: #000000\\\"><strong>Alimentaci\u00f3n:<\/strong><\/span><br \/>\n<span style=\\\"color: #000000\\\">Caracter\u00edsticas f\u00edsicas y el\u00e9ctricas:<\/span><br \/>\n<span style=\\\"color: #000000\\\">Alimentaci\u00f3n: 100~240 VCA, 130W.<\/span><br \/>\n<span style=\\\"color: #000000\\\">Protecci\u00f3n: Protecci\u00f3n contra descargas de +-4KV.<\/span><br \/>\n<span style=\\\"color: #000000\\\">Temperatura de operaci\u00f3n: 0 ~ 50oC<\/span><br \/>\n<span style=\\\"color: #000000\\\"><strong>Dimensiones:<\/strong> 180 x 280 x 44 mm (7.09 x 11.02 x 1.73\\\u00bb in)<\/span><br \/>\n<span style=\\\"color: #000000\\\"><strong>Peso: <\/strong>1.8 Kg (3.97 lb)<\/span><\/p>\n<p><span style=\\\"color: #000000\\\"><strong>*1 a\u00f1o de garant\u00eda.<\/strong><\/span><\/p>\n","protected":false},"excerpt":{"rendered":"<p>FGSD-1022VHP PLANET Switch PoE+ \/ distancia 250 metros \/ 8 puertos + 2 combo TP\/SFP gigabit y pantalla LCD para monitoreo &nbsp; Puertos: 8 Puertos 10\/100BASE-TX RJ45. 2 Puertos 10\/100\/1000BASE-T RJ45. 2 Interfaces 1000BASE-X SFP, compartidas con puertos 9 y 10. PoE: Alimenta dispositivos PoE 802.3af y PoE+ 802.3at hasta 250 m en modo Extend. [&hellip;]<\/p>\n","protected":false},"featured_media":11212,"template":"","meta":{"_acf_changed":false},"product_brand":[],"product_cat":[220,70],"product_tag":[],"berocket_brand":[],"class_list":{"0":"post-11211","1":"product","2":"type-product","3":"status-publish","4":"has-post-thumbnail","6":"product_cat-redes-de-datos","7":"product_cat-switch","9":"first","10":"instock","11":"taxable","12":"shipping-taxable","13":"purchasable","14":"product-type-simple","15":"berocket_lgv_grid","16":"berocket_lgv_list_grid"},"acf":[],"aioseo_notices":[],"_links":{"self":[{"href":"https:\/\/todoenseguridad.com\/site\/wp-json\/wp\/v2\/product\/11211","targetHints":{"allow":["GET"]}}],"collection":[{"href":"https:\/\/todoenseguridad.com\/site\/wp-json\/wp\/v2\/product"}],"about":[{"href":"https:\/\/todoenseguridad.com\/site\/wp-json\/wp\/v2\/types\/product"}],"wp:featuredmedia":[{"embeddable":true,"href":"https:\/\/todoenseguridad.com\/site\/wp-json\/wp\/v2\/media\/11212"}],"wp:attachment":[{"href":"https:\/\/todoenseguridad.com\/site\/wp-json\/wp\/v2\/media?parent=11211"}],"wp:term":[{"taxonomy":"product_brand","embeddable":true,"href":"https:\/\/todoenseguridad.com\/site\/wp-json\/wp\/v2\/product_brand?post=11211"},{"taxonomy":"product_cat","embeddable":true,"href":"https:\/\/todoenseguridad.com\/site\/wp-json\/wp\/v2\/product_cat?post=11211"},{"taxonomy":"product_tag","embeddable":true,"href":"https:\/\/todoenseguridad.com\/site\/wp-json\/wp\/v2\/product_tag?post=11211"},{"taxonomy":"berocket_brand","embeddable":true,"href":"https:\/\/todoenseguridad.com\/site\/wp-json\/wp\/v2\/berocket_brand?post=11211"}],"curies":[{"name":"wp","href":"https:\/\/api.w.org\/{rel}","templated":true}]}}