{"id":11188,"date":"2021-08-05T16:24:17","date_gmt":"2021-08-05T21:24:17","guid":{"rendered":"https:\/\/todoenseguridad.com\/site\/?post_type=product&#038;p=11188"},"modified":"2025-02-13T14:27:13","modified_gmt":"2025-02-13T19:27:13","slug":"usg-pro-4-ubiquiti-ruteador-unifi-para-medianas-y-grandes-empresas-con-funciones-de-firewall","status":"publish","type":"product","link":"https:\/\/todoenseguridad.com\/site\/producto\/usg-pro-4-ubiquiti-ruteador-unifi-para-medianas-y-grandes-empresas-con-funciones-de-firewall\/","title":{"rendered":"USG-PRO-4 UBIQUITI Ruteador UniFi para medianas y grandes empresas con funciones de firewall"},"content":{"rendered":"<h2 id=\"product_title_81990\" class=\"no_margin_top titulo_vista_producto\"><span style=\"color: #0000ff;\"><span class=\"modelo-marca\">USG-PRO-4<\/span> <span class=\"modelo-marca\">UBIQUITI<\/span> Ruteador UniFi para medianas y grandes empresas con funciones de firewall, soporta balanceo de carga y Fail Over entre 2 WAN<\/span><\/h2>\n<p>&nbsp;<\/p>\n<p><span style=\"color: #000000;\"><strong>Router Empresarial con funciones de Firewall. Procesa hasta 1 Mill\u00f3n de paquetes por segundo o hasta 3 Gbps.<\/strong><\/span><\/p>\n<p><span style=\"color: #000000;\"><u>Soporta balanceo de carga y Fail Over entre 2 WAN\u00b4s.<\/u><\/span><\/p>\n<p><span style=\"color: #000000;\">Caracteristicas principales:<\/span><\/p>\n<p><span style=\"color: #000000;\">Soporta tunel VPN (Hasta 64).<\/span><\/p>\n<p><span style=\"color: #000000;\">Gestion de VLANs (hasta 64).<\/span><br \/>\n<span style=\"color: #000000;\">\u00a0QoS.<\/span><\/p>\n<p><span style=\"color: #000000;\">Funciones b\u00e1sicas de Firewall (Bloqueo de p\u00e1ginas por categor\u00eda)<\/span><br \/>\n<span style=\"color: #000000;\">Se gestiona y administra a trav\u00e9s de controlador UniFi o\u00a0UCCK\u00a0a trav\u00e9s de la nube.<\/span><br \/>\n<span style=\"color: #000000;\">Analisis de paquetes.<\/span><br \/>\n<span style=\"color: #000000;\">Bloqueo de p\u00e1ginas WEB.<\/span><br \/>\n<span style=\"color: #000000;\">\u00a0Soporta l\u00ednea de comando para usuarios avanzados.<\/span><br \/>\n<span style=\"color: #000000;\">Desempe\u00f1o en capa 3 con paquetes de 64 Bytes:\u00a02.4 Mpps<\/span><\/p>\n<p><span style=\"color: #000000;\">Soporta PPPoE.<\/span><\/p>\n<p><span style=\"color: #000000;\"><strong>Caracteristicas generales:<\/strong><\/span><br \/>\n<span style=\"color: #000000;\">1 Puerto Serial RJ45.<\/span><br \/>\n<span style=\"color: #000000;\">4 Puertos LAN Gigabit Ethernet<\/span><br \/>\n<span style=\"color: #000000;\">2 puertos SFP para WAN (Combo con 2 puertos Gigabit)<\/span><br \/>\n<span style=\"color: #000000;\">\u00a0Montaje en Rack (Pesta\u00f1as integradas al equipo)<\/span><br \/>\n<span style=\"color: #000000;\">Dimensiones:\u00a0484 x 44 x 164 mm<\/span><\/p>\n","protected":false},"excerpt":{"rendered":"<p>USG-PRO-4 UBIQUITI Ruteador UniFi para medianas y grandes empresas con funciones de firewall, soporta balanceo de carga y Fail Over entre 2 WAN &nbsp; Router Empresarial con funciones de Firewall. Procesa hasta 1 Mill\u00f3n de paquetes por segundo o hasta 3 Gbps. Soporta balanceo de carga y Fail Over entre 2 WAN\u00b4s. Caracteristicas principales: Soporta [&hellip;]<\/p>\n","protected":false},"featured_media":11190,"template":"","meta":{"_acf_changed":false},"product_brand":[],"product_cat":[220,222],"product_tag":[],"berocket_brand":[],"class_list":{"0":"post-11188","1":"product","2":"type-product","3":"status-publish","4":"has-post-thumbnail","6":"product_cat-redes-de-datos","7":"product_cat-ruteadores-de-datos","9":"first","10":"instock","11":"taxable","12":"shipping-taxable","13":"purchasable","14":"product-type-simple","15":"berocket_lgv_grid","16":"berocket_lgv_list_grid"},"acf":[],"aioseo_notices":[],"_links":{"self":[{"href":"https:\/\/todoenseguridad.com\/site\/wp-json\/wp\/v2\/product\/11188","targetHints":{"allow":["GET"]}}],"collection":[{"href":"https:\/\/todoenseguridad.com\/site\/wp-json\/wp\/v2\/product"}],"about":[{"href":"https:\/\/todoenseguridad.com\/site\/wp-json\/wp\/v2\/types\/product"}],"wp:featuredmedia":[{"embeddable":true,"href":"https:\/\/todoenseguridad.com\/site\/wp-json\/wp\/v2\/media\/11190"}],"wp:attachment":[{"href":"https:\/\/todoenseguridad.com\/site\/wp-json\/wp\/v2\/media?parent=11188"}],"wp:term":[{"taxonomy":"product_brand","embeddable":true,"href":"https:\/\/todoenseguridad.com\/site\/wp-json\/wp\/v2\/product_brand?post=11188"},{"taxonomy":"product_cat","embeddable":true,"href":"https:\/\/todoenseguridad.com\/site\/wp-json\/wp\/v2\/product_cat?post=11188"},{"taxonomy":"product_tag","embeddable":true,"href":"https:\/\/todoenseguridad.com\/site\/wp-json\/wp\/v2\/product_tag?post=11188"},{"taxonomy":"berocket_brand","embeddable":true,"href":"https:\/\/todoenseguridad.com\/site\/wp-json\/wp\/v2\/berocket_brand?post=11188"}],"curies":[{"name":"wp","href":"https:\/\/api.w.org\/{rel}","templated":true}]}}