{"id":11131,"date":"2021-08-05T11:26:57","date_gmt":"2021-08-05T16:26:57","guid":{"rendered":"https:\/\/todoenseguridad.com\/site\/?post_type=product&#038;p=11131"},"modified":"2026-03-24T16:14:03","modified_gmt":"2026-03-24T21:14:03","slug":"x7a-fanvil-telefono-ip-android-empresarial-para-20-lineas-sip","status":"publish","type":"product","link":"https:\/\/todoenseguridad.com\/site\/producto\/x7a-fanvil-telefono-ip-android-empresarial-para-20-lineas-sip\/","title":{"rendered":"X7A FANVIL Tel\u00e9fono IP Android Empresarial para 20 lineas SIP"},"content":{"rendered":"<h2 id=\\\"product_title_188435\\\" class=\\\"no_margin_top titulo_vista_producto\\\"><span style=\\\"color: #0000ff\\\"><span class=\\\"modelo-marca\\\">X7A<\/span> <span class=\\\"modelo-marca\\\">FANVIL<\/span> Tel\u00e9fono IP Android Empresarial para 20 lineas SIP, pantalla t\u00e1ctil, Wi-Fi y Bluetooth, PoE, hasta 112 botones DSS, puertos Gigabit, soporta recepci\u00f3n de video.<\/span><\/h2>\n<p>&nbsp;<\/p>\n<h4><span style=\\\"color: #000000\\\">Tel\u00e9fono IP Android 9.0<\/span><\/h4>\n<p><span style=\\\"color: #000000\\\">El tel\u00e9fono\u00a0<strong>Avanzado<\/strong>\u00a0Empresarial<\/span><\/p>\n<ul>\n<li><span style=\\\"color: #000000\\\">Android 9.0.<\/span><\/li>\n<li><span style=\\\"color: #000000\\\">20 l\u00edneas SIP.<\/span><\/li>\n<li><span style=\\\"color: #000000\\\">Pantalla tactil de 7 pulgadas con 112 teclas DSS.<\/span><\/li>\n<li><span style=\\\"color: #000000\\\"><strong>Camara Externa USB de Fanvil (accesorio).<\/strong><\/span><\/li>\n<li><span style=\\\"color: #000000\\\">Conferencia de video HD en 3 vias 720P, codec de video H.264.<\/span><\/li>\n<li><span style=\\\"color: #000000\\\">Soporta diademas inalambricas EHS.<\/span><\/li>\n<li><span style=\\\"color: #000000\\\"><strong>Bluetooth integrado.<\/strong><\/span><\/li>\n<li><span style=\\\"color: #000000\\\">Soporta Wi-Fi 2.4GHz Y 5GHz.<\/span><\/li>\n<li><span style=\\\"color: #000000\\\">Soporta protocolo IPV4 e IPV6.<\/span><\/li>\n<li><span style=\\\"color: #000000\\\">Hasta 2000 contactos en agenda telefonica.<\/span><\/li>\n<li><span style=\\\"color: #000000\\\">Soporta recepcion de video (<strong>para integracion con videoporteros SIP<\/strong>)<\/span><\/li>\n<li><span style=\\\"color: #000000\\\"><strong>OpenVPN<\/strong>.<\/span><\/li>\n<\/ul>\n<p><span style=\\\"color: #000000\\\"><strong>Caracter\u00edsticas principales:<\/strong><\/span><\/p>\n<ul>\n<li><span style=\\\"color: #000000\\\">20 lineas SIP.<\/span><\/li>\n<li><span style=\\\"color: #000000\\\">Sistema operativo Android 9.0.<\/span><\/li>\n<li><span style=\\\"color: #000000\\\">Soporta diademas Bluetooth.<\/span><\/li>\n<li><span style=\\\"color: #000000\\\">Soporta recepcion de video H264.<\/span><\/li>\n<li><span style=\\\"color: #000000\\\">Soporta conectividad Wi-Fi en 2.4GHz y 5GHz.<\/span><\/li>\n<li><span style=\\\"color: #000000\\\">Pantalla tactil de 7 pulgadas.<\/span><\/li>\n<li><span style=\\\"color: #000000\\\">Soporta EHS. (Compatible con Jabra).<\/span><\/li>\n<li><span style=\\\"color: #000000\\\">Doble puerto Giga Ethernet.<\/span><\/li>\n<li><span style=\\\"color: #000000\\\">PoE habilitado.<\/span><\/li>\n<li><span style=\\\"color: #000000\\\">Hasta 112 teclas DSS.<\/span><\/li>\n<li><span style=\\\"color: #000000\\\">Soporta Opus.<\/span><\/li>\n<li><span style=\\\"color: #000000\\\">Compatible con las principales plataformas: Asterisk, Broadsoft, 3CX, Metaswitch, Elastix, Avaya etc.<\/span><\/li>\n<li><span style=\\\"color: #000000\\\"><strong>Garant\u00eda: 2 a\u00f1os<\/strong><\/span><\/li>\n<\/ul>\n<div class=\\\"col-sm-4\\\">\n<div>\n<p><span style=\\\"color: #000000\\\"><strong>Caracter\u00edsticas F\u00edsicas y El\u00e9ctricas:<\/strong><\/span><\/p>\n<ul>\n<li><span style=\\\"color: #000000\\\">Alimentacion v\u00eda PoE 802.3af o 5Vcc y 2.0 A (<strong>fuente no incluida<\/strong>).<\/span><\/li>\n<li><span style=\\\"color: #000000\\\">2 puertos RJ45.<\/span><\/li>\n<li><span style=\\\"color: #000000\\\">2 puertos RJ9.<\/span><\/li>\n<li><span style=\\\"color: #000000\\\">Material: plastico.<\/span><\/li>\n<li><span style=\\\"color: #000000\\\">Temperatura de operaci\u00f3n: 0\u00ba ~ 45\u00ba C.<\/span><\/li>\n<\/ul>\n<p><span style=\\\"color: #000000\\\"><strong>Caracter\u00edsticas de Red:<\/strong><\/span><\/p>\n<ul>\n<li><span style=\\\"color: #000000\\\">Doble puerto de red 10\/100\/1000Mbps.<\/span><\/li>\n<li><span style=\\\"color: #000000\\\">VPN: L2TP \/ OpenVPN.<\/span><\/li>\n<li><span style=\\\"color: #000000\\\">VLAN.<\/span><\/li>\n<li><span style=\\\"color: #000000\\\">LLDP.<\/span><\/li>\n<li><span style=\\\"color: #000000\\\">IPv4\/IPv6\/IPv4&amp;IPv6.<\/span><\/li>\n<li><span style=\\\"color: #000000\\\">SIP 2.0 sobre UDP\/TCP\/TLS.<\/span><\/li>\n<li><span style=\\\"color: #000000\\\">PPPoE.<\/span><\/li>\n<li><span style=\\\"color: #000000\\\">QoS<\/span><\/li>\n<\/ul>\n<\/div>\n<\/div>\n","protected":false},"excerpt":{"rendered":"<p>X7A FANVIL Tel\u00e9fono IP Android Empresarial para 20 lineas SIP, pantalla t\u00e1ctil, Wi-Fi y Bluetooth, PoE, hasta 112 botones DSS, puertos Gigabit, soporta recepci\u00f3n de video. &nbsp; Tel\u00e9fono IP Android 9.0 El tel\u00e9fono\u00a0Avanzado\u00a0Empresarial Android 9.0. 20 l\u00edneas SIP. Pantalla tactil de 7 pulgadas con 112 teclas DSS. Camara Externa USB de Fanvil (accesorio). Conferencia de [&hellip;]<\/p>\n","protected":false},"featured_media":11133,"template":"","meta":{"_acf_changed":false},"product_brand":[],"product_cat":[216,217],"product_tag":[],"berocket_brand":[],"class_list":{"0":"post-11131","1":"product","2":"type-product","3":"status-publish","4":"has-post-thumbnail","6":"product_cat-telefonia-ip","7":"product_cat-telefono-ip","9":"first","10":"instock","11":"taxable","12":"shipping-taxable","13":"purchasable","14":"product-type-simple","15":"berocket_lgv_grid","16":"berocket_lgv_list_grid"},"acf":[],"aioseo_notices":[],"_links":{"self":[{"href":"https:\/\/todoenseguridad.com\/site\/wp-json\/wp\/v2\/product\/11131","targetHints":{"allow":["GET"]}}],"collection":[{"href":"https:\/\/todoenseguridad.com\/site\/wp-json\/wp\/v2\/product"}],"about":[{"href":"https:\/\/todoenseguridad.com\/site\/wp-json\/wp\/v2\/types\/product"}],"wp:featuredmedia":[{"embeddable":true,"href":"https:\/\/todoenseguridad.com\/site\/wp-json\/wp\/v2\/media\/11133"}],"wp:attachment":[{"href":"https:\/\/todoenseguridad.com\/site\/wp-json\/wp\/v2\/media?parent=11131"}],"wp:term":[{"taxonomy":"product_brand","embeddable":true,"href":"https:\/\/todoenseguridad.com\/site\/wp-json\/wp\/v2\/product_brand?post=11131"},{"taxonomy":"product_cat","embeddable":true,"href":"https:\/\/todoenseguridad.com\/site\/wp-json\/wp\/v2\/product_cat?post=11131"},{"taxonomy":"product_tag","embeddable":true,"href":"https:\/\/todoenseguridad.com\/site\/wp-json\/wp\/v2\/product_tag?post=11131"},{"taxonomy":"berocket_brand","embeddable":true,"href":"https:\/\/todoenseguridad.com\/site\/wp-json\/wp\/v2\/berocket_brand?post=11131"}],"curies":[{"name":"wp","href":"https:\/\/api.w.org\/{rel}","templated":true}]}}