{"id":10855,"date":"2021-05-25T12:42:43","date_gmt":"2021-05-25T17:42:43","guid":{"rendered":"https:\/\/todoenseguridad.com\/site\/?post_type=product&#038;p=10855"},"modified":"2025-02-14T15:38:09","modified_gmt":"2025-02-14T20:38:09","slug":"pr2200elcdrtxl2u-cyberpower-ups-de-2200-va-1650-w-topologia-linea-interactiva-entrada-220-vca-tipo-c20","status":"publish","type":"product","link":"https:\/\/todoenseguridad.com\/site\/producto\/pr2200elcdrtxl2u-cyberpower-ups-de-2200-va-1650-w-topologia-linea-interactiva-entrada-220-vca-tipo-c20\/","title":{"rendered":"PR2200ELCDRTXL2U CYBERPOWER\u00a0 UPS de 2200 VA\/1650 W\/ Topolog\u00eda L\u00ednea Interactiva\/ Entrada 220 Vca Tipo C20"},"content":{"rendered":"<h2 id=\"product_title_161307\" class=\"no_margin_top titulo_vista_producto\"><span style=\"color: #0000ff;\"><span class=\"modelo-marca\">PR2200ELCDRTXL2U<\/span> CYBERPOWER\u00a0 UPS de 2200 VA\/1650 W, Topolog\u00eda L\u00ednea Interactiva, Entrada 220 Vca Tipo C20, Onda Senoidal Pura, Torre o Rack de 2 UR, Con 9 Tomas C13 y 1 C19 de 220 Vca<\/span><\/h2>\n<p><span style=\"color: #000000;\">PR2200ELCDRTXL2U \u00a0CyberPower Convertible para Rack o Torre con topolog\u00eda\u00a0l\u00ednea interactiva y voltaje de salida ajustable a 220, 230 o 240 Vca, \u00a0provee respaldo de bater\u00eda, protecci\u00f3n de energ\u00eda con onda senoidal pura de salida y supresor de picos para servidores corporativos, servidores de departamento, aplicaciones de almacenamiento, dispositivos de red e instalaciones de telecomunicaciones que requieren compatibilidad para fuentes PFC.<\/span><\/p>\n<p><span style=\"color: #000000;\">Usa Regulaci\u00f3n Automatica de Voltaje (AVR) para corregir fluctuaciones de energ\u00eda menores sin cambiar a modo bater\u00eda, cual extiende la vide de las bater\u00edas. El AVR es esencial donde las variaciones de voltaje ocurren fercuentemente. El tiempo de respaldo extendible (XL) opcional con bancos de bater\u00edas perimten gran flexibilidad.<\/span><\/p>\n<p><span style=\"color: #000000;\"><strong>Especificaciones t\u00e9cnicas:<\/strong><\/span><\/p>\n<ul>\n<li><span style=\"color: #000000;\">Rango de voltaje de entrada: 220 \/ 230 \/ 240 Vca<\/span><\/li>\n<li><span style=\"color: #000000;\">Frecuencia de entrada: 50\/60Hz\u00a0+ &#8211; 3Hz<\/span><\/li>\n<li><span style=\"color: #000000;\">Tipo de enchufe de entrada:\u00a0IEC320 C20<\/span><\/li>\n<li><span style=\"color: #000000;\">Longitud de\u00a0cable de entrada: 3 \u00a0m.<\/span><\/li>\n<li><span style=\"color: #000000;\">Salida VA:\u00a02200<\/span><\/li>\n<li><span style=\"color: #000000;\">Watts de salida:\u00a01650<\/span><\/li>\n<li><span style=\"color: #000000;\">Frecuencia de salida en bater\u00eda: 50\/60Hz\u00a0+ &#8211; 1%.<\/span><\/li>\n<li><span style=\"color: #000000;\">Voltaje de Salida: 220 Vca<\/span><\/li>\n<li><span style=\"color: #000000;\">Tomas de salida: 10<\/span><\/li>\n<li><span style=\"color: #000000;\">Tipos de tomas:\u00a0(1) IEC320 C19, (9) IEC320 C13<\/span><\/li>\n<li><span style=\"color: #000000;\">Especificaciones de bater\u00eda: 12V\/9Ah<\/span><\/li>\n<li><span style=\"color: #000000;\">Tiempo de transferencia: 4 ms.<\/span><\/li>\n<li><span style=\"color: #000000;\">Protecci\u00f3n de picos: 810 Joules<\/span><\/li>\n<li><span style=\"color: #000000;\">Indicadores: Pantalla LCD de monitoreo<\/span><\/li>\n<li><span style=\"color: #000000;\">Administraci\u00f3n remota SNMP\/HTTP con tarjeta RMCARD205\u00a0(opcional)<\/span><\/li>\n<li><span style=\"color: #000000;\">M\u00f3dulo de Bater\u00edas Extendidas:\u00a0BP48V75ART2U<\/span><\/li>\n<li><span style=\"color: #000000;\">Dimensiones: 433 x 87.8 x 480 mm (Ancho x Alto X Profundidad)<\/span><\/li>\n<li><span style=\"color: #000000;\">Peso: 34.93 kg<\/span><\/li>\n<li><span style=\"color: #000000;\"><strong>3 a\u00f1os de garant\u00eda (incluye bater\u00eda)<\/strong><\/span><\/li>\n<\/ul>\n","protected":false},"excerpt":{"rendered":"<p>PR2200ELCDRTXL2U CYBERPOWER\u00a0 UPS de 2200 VA\/1650 W, Topolog\u00eda L\u00ednea Interactiva, Entrada 220 Vca Tipo C20, Onda Senoidal Pura, Torre o Rack de 2 UR, Con 9 Tomas C13 y 1 C19 de 220 Vca PR2200ELCDRTXL2U \u00a0CyberPower Convertible para Rack o Torre con topolog\u00eda\u00a0l\u00ednea interactiva y voltaje de salida ajustable a 220, 230 o 240 Vca, [&hellip;]<\/p>\n","protected":false},"featured_media":10854,"template":"","meta":{"_acf_changed":false},"product_brand":[],"product_cat":[219],"product_tag":[],"berocket_brand":[],"class_list":{"0":"post-10855","1":"product","2":"type-product","3":"status-publish","4":"has-post-thumbnail","6":"product_cat-respaldo-energia","8":"first","9":"instock","10":"taxable","11":"shipping-taxable","12":"purchasable","13":"product-type-simple","14":"berocket_lgv_grid","15":"berocket_lgv_list_grid"},"acf":[],"aioseo_notices":[],"_links":{"self":[{"href":"https:\/\/todoenseguridad.com\/site\/wp-json\/wp\/v2\/product\/10855","targetHints":{"allow":["GET"]}}],"collection":[{"href":"https:\/\/todoenseguridad.com\/site\/wp-json\/wp\/v2\/product"}],"about":[{"href":"https:\/\/todoenseguridad.com\/site\/wp-json\/wp\/v2\/types\/product"}],"wp:featuredmedia":[{"embeddable":true,"href":"https:\/\/todoenseguridad.com\/site\/wp-json\/wp\/v2\/media\/10854"}],"wp:attachment":[{"href":"https:\/\/todoenseguridad.com\/site\/wp-json\/wp\/v2\/media?parent=10855"}],"wp:term":[{"taxonomy":"product_brand","embeddable":true,"href":"https:\/\/todoenseguridad.com\/site\/wp-json\/wp\/v2\/product_brand?post=10855"},{"taxonomy":"product_cat","embeddable":true,"href":"https:\/\/todoenseguridad.com\/site\/wp-json\/wp\/v2\/product_cat?post=10855"},{"taxonomy":"product_tag","embeddable":true,"href":"https:\/\/todoenseguridad.com\/site\/wp-json\/wp\/v2\/product_tag?post=10855"},{"taxonomy":"berocket_brand","embeddable":true,"href":"https:\/\/todoenseguridad.com\/site\/wp-json\/wp\/v2\/berocket_brand?post=10855"}],"curies":[{"name":"wp","href":"https:\/\/api.w.org\/{rel}","templated":true}]}}