{"id":10745,"date":"2021-05-10T09:59:29","date_gmt":"2021-05-10T14:59:29","guid":{"rendered":"https:\/\/todoenseguridad.com\/site\/?post_type=product&#038;p=10745"},"modified":"2026-03-24T17:33:46","modified_gmt":"2026-03-24T22:33:46","slug":"sf-501p-sfire-generador-de-niebla-1-disparo-cubre-150m%c2%b3-en-10-segundos-activado-por-contacto-seco","status":"publish","type":"product","link":"https:\/\/todoenseguridad.com\/site\/producto\/sf-501p-sfire-generador-de-niebla-1-disparo-cubre-150m%c2%b3-en-10-segundos-activado-por-contacto-seco\/","title":{"rendered":"SF-501P SFIRE Generador de Niebla \/ 1 Disparo \/ Cubre 150m\u00b3 en 10 segundos \/ Activado por Contacto Seco"},"content":{"rendered":"<h3 id=\\\"product_title_191626\\\" class=\\\"no_margin_top titulo_vista_producto\\\"><span style=\\\"color: #0000ff\\\"><span class=\\\"modelo-marca\\\">SF-501P<\/span> SFIRE Generador de Niebla \/ 1 Disparo \/ Cubre 150m\u00b3 en 10 segundos \/ Activado por Contacto Seco<\/span><\/h3>\n<p>&nbsp;<\/p>\n<div class=\\\"col-sm-4\\\">\n<div>\n<p><span style=\\\"color: #000000\\\"><strong>Caracter\u00edsticas principales:<\/strong><\/span><\/p>\n<ul>\n<li><span style=\\\"color: #000000\\\">Velocidad de nebulizaci\u00f3n m\u00e1s r\u00e1pida<\/span><\/li>\n<li><span style=\\\"color: #000000\\\">Disparador de 1 segundo, 8 segundos cubren el \u00e1rea completa sin tiempo de calentamiento<\/span><\/li>\n<li><span style=\\\"color: #000000\\\">El contenedor del m\u00f3dulo de niebla se puede reemplazar f\u00e1cilmente, el generador se puede usar muchas veces<\/span><\/li>\n<li><span style=\\\"color: #000000\\\">Biodegradable y completamente seguro para humanos y animales; no afecta la ropa, el mobiliario y el equipo el\u00e9ctrico.<\/span><\/li>\n<li><span style=\\\"color: #000000\\\">Bajo consumo de energ\u00eda<\/span><\/li>\n<li><span style=\\\"color: #000000\\\">Montaje compatible <strong>827-09W<\/strong><\/span><\/li>\n<\/ul>\n<p>&nbsp;<\/p>\n<\/div>\n<p><span style=\\\"color: #000000\\\"><strong>Caracter\u00edsticas F\u00edsicas y El\u00e9ctricas:<\/strong><\/span><\/p>\n<ul>\n<li><span style=\\\"color: #000000\\\"><strong>Alimentacion<\/strong>: 12 Vcc, 3A<\/span><\/li>\n<li><span style=\\\"color: #000000\\\">Consumo en Watts:0-24W<\/span><\/li>\n<li><span style=\\\"color: #000000\\\">Temperatura de trabajo:-10\u2103-50\u2103<\/span><\/li>\n<li><span style=\\\"color: #000000\\\">Humedad de trabajo:-10%-80%<\/span><\/li>\n<li><span style=\\\"color: #000000\\\">Instalacion:En muro o techo<\/span><\/li>\n<li><span style=\\\"color: #000000\\\">Tiempo estimado de cubrimiento por la niebla: 10 Segundos<\/span><\/li>\n<li><span style=\\\"color: #000000\\\">Tiempo de niebla densa:30-45 Minutos<\/span><\/li>\n<li><span style=\\\"color: #000000\\\">No incluye montaje, considerarlo por separado 827-09W<\/span><\/li>\n<\/ul>\n<\/div>\n<p>&nbsp;<\/p>\n<div class=\\\"col-sm-4\\\">\n<div>\n<p><span style=\\\"color: #000000\\\"><strong>Caracter\u00edsticas Destacadas:<\/strong>F\u00f3rmula de niebla &#8211; Material seco s\u00f3lido, apto para uso alimentario. Proteger el \u00e1rea &#8211; 100 m3-150 m3 \u00c1rea cerrada o semicerrada (altura2.5-3m) Rendimiento de niebla &#8211; Tecnolog\u00eda Cold Fog, 1 segundo activado, sin tiempo de calentamiento<\/span><\/p>\n<\/div>\n<\/div>\n<p>&nbsp;<\/p>\n<p>&nbsp;<\/p>\n","protected":false},"excerpt":{"rendered":"<p>SF-501P SFIRE Generador de Niebla \/ 1 Disparo \/ Cubre 150m\u00b3 en 10 segundos \/ Activado por Contacto Seco &nbsp; Caracter\u00edsticas principales: Velocidad de nebulizaci\u00f3n m\u00e1s r\u00e1pida Disparador de 1 segundo, 8 segundos cubren el \u00e1rea completa sin tiempo de calentamiento El contenedor del m\u00f3dulo de niebla se puede reemplazar f\u00e1cilmente, el generador se puede [&hellip;]<\/p>\n","protected":false},"featured_media":10746,"template":"","meta":{"_acf_changed":false},"product_brand":[],"product_cat":[114,113],"product_tag":[],"berocket_brand":[],"class_list":{"0":"post-10745","1":"product","2":"type-product","3":"status-publish","4":"has-post-thumbnail","6":"product_cat-generador-de-niebla","7":"product_cat-proteccion-de-mercancia","9":"first","10":"instock","11":"taxable","12":"shipping-taxable","13":"purchasable","14":"product-type-simple","15":"berocket_lgv_grid","16":"berocket_lgv_list_grid"},"acf":[],"aioseo_notices":[],"_links":{"self":[{"href":"https:\/\/todoenseguridad.com\/site\/wp-json\/wp\/v2\/product\/10745","targetHints":{"allow":["GET"]}}],"collection":[{"href":"https:\/\/todoenseguridad.com\/site\/wp-json\/wp\/v2\/product"}],"about":[{"href":"https:\/\/todoenseguridad.com\/site\/wp-json\/wp\/v2\/types\/product"}],"wp:featuredmedia":[{"embeddable":true,"href":"https:\/\/todoenseguridad.com\/site\/wp-json\/wp\/v2\/media\/10746"}],"wp:attachment":[{"href":"https:\/\/todoenseguridad.com\/site\/wp-json\/wp\/v2\/media?parent=10745"}],"wp:term":[{"taxonomy":"product_brand","embeddable":true,"href":"https:\/\/todoenseguridad.com\/site\/wp-json\/wp\/v2\/product_brand?post=10745"},{"taxonomy":"product_cat","embeddable":true,"href":"https:\/\/todoenseguridad.com\/site\/wp-json\/wp\/v2\/product_cat?post=10745"},{"taxonomy":"product_tag","embeddable":true,"href":"https:\/\/todoenseguridad.com\/site\/wp-json\/wp\/v2\/product_tag?post=10745"},{"taxonomy":"berocket_brand","embeddable":true,"href":"https:\/\/todoenseguridad.com\/site\/wp-json\/wp\/v2\/berocket_brand?post=10745"}],"curies":[{"name":"wp","href":"https:\/\/api.w.org\/{rel}","templated":true}]}}